{"id":1827,"date":"2025-10-27T18:41:46","date_gmt":"2025-10-27T18:41:46","guid":{"rendered":"https:\/\/greatalimentosorganicos.com\/p\/?post_type=product&#038;p=1827"},"modified":"2025-10-27T18:50:02","modified_gmt":"2025-10-27T18:50:02","slug":"zarzamoras-organicas-congeladas-granel-2kg-bolsa-zip","status":"publish","type":"product","link":"https:\/\/greatalimentosorganicos.com\/p\/product\/zarzamoras-organicas-congeladas-granel-2kg-bolsa-zip\/","title":{"rendered":"Zarzamoras Org\u00e1nicas Congeladas \u2013 Granel 2KG (Bolsa Zip)"},"content":{"rendered":"<div class=\"flex-1 overflow-hidden\">\n<div class=\"react-scroll-to-bottom--css-qiwox-79elbk h-full dark:bg-gray-800\">\n<div class=\"react-scroll-to-bottom--css-qiwox-1n7m0yu\">\n<div class=\"flex flex-col text-sm dark:bg-gray-800\">\n<div class=\"group w-full text-token-text-primary border-b border-black\/10 gizmo:border-0 dark:border-gray-900\/50 gizmo:dark:border-0 bg-gray-50 gizmo:bg-transparent dark:bg-[#444654] gizmo:dark:bg-transparent\" data-testid=\"conversation-turn-9\">\n<div class=\"p-4 justify-center text-base md:gap-6 md:py-6 m-auto\">\n<div class=\"flex flex-1 gap-4 text-base mx-auto md:gap-6 gizmo:gap-3 gizmo:md:px-5 gizmo:lg:px-1 gizmo:xl:px-5 md:max-w-2xl lg:max-w-[38rem] gizmo:md:max-w-3xl gizmo:lg:max-w-[40rem] gizmo:xl:max-w-[48rem] xl:max-w-3xl }\">\n<div class=\"relative flex w-[calc(100%-50px)] flex-col gap-1 gizmo:w-full md:gap-3 lg:w-[calc(100%-115px)] agent-turn\">\n<div class=\"flex flex-grow flex-col gap-3 max-w-full\">\n<div class=\"min-h-[20px] flex flex-col items-start gap-3 whitespace-pre-wrap break-words overflow-x-auto\">\n<div class=\"markdown prose w-full break-words dark:prose-invert light\">\n<p data-start=\"1092\" data-end=\"1393\">Nuestras <strong data-start=\"1101\" data-end=\"1145\">zarzamoras org\u00e1nicas congeladas a granel<\/strong> provienen de cultivos certificados que respetan la tierra y los ciclos naturales.<br data-start=\"1227\" data-end=\"1230\" \/>Cada baya se selecciona cuidadosamente y se congela r\u00e1pidamente para mantener intactos su <strong data-start=\"1320\" data-end=\"1390\">sabor dulce-\u00e1cido, textura firme y alto contenido de antioxidantes<\/strong>.<\/p>\n<p data-start=\"1395\" data-end=\"1450\">Ideales para uso en casa o en negocios gastron\u00f3micos:<\/p>\n<ul data-start=\"1451\" data-end=\"1654\">\n<li data-start=\"1451\" data-end=\"1493\">\n<p data-start=\"1453\" data-end=\"1493\">\u00a0Smoothies, jugos o bowls de frutas.<\/p>\n<\/li>\n<li data-start=\"1494\" data-end=\"1542\">\n<p data-start=\"1496\" data-end=\"1542\">\u00a0Reposter\u00eda, panader\u00eda y salsas naturales.<\/p>\n<\/li>\n<li data-start=\"1543\" data-end=\"1589\">\n<p data-start=\"1545\" data-end=\"1589\">\u00a0Toppings para yogurt, helados o avenas.<\/p>\n<\/li>\n<li data-start=\"1590\" data-end=\"1654\">\n<p data-start=\"1592\" data-end=\"1654\">\u00a0Perfectas para cafeter\u00edas, restaurantes y venta a granel.<\/p>\n<\/li>\n<\/ul>\n<p data-start=\"1656\" data-end=\"1875\"><strong data-start=\"1656\" data-end=\"1683\">Beneficios principales:<\/strong><br data-start=\"1683\" data-end=\"1686\" \/>\u2705 Ricas en antioxidantes y vitamina C.<br data-start=\"1724\" data-end=\"1727\" \/>\u2705 Apoyan la salud cardiovascular y digestiva.<br data-start=\"1772\" data-end=\"1775\" \/>\u2705 Bajas en calor\u00edas, sin az\u00facar ni aditivos.<br data-start=\"1819\" data-end=\"1822\" \/>\u2705 Cultivo org\u00e1nico, libre de qu\u00edmicos y pesticidas.<\/p>\n<\/div>\n<\/div>\n<\/div>\n<\/div>\n<\/div>\n<\/div>\n<\/div>\n<\/div>\n<\/div>\n<\/div>\n<\/div>\n","protected":false},"excerpt":{"rendered":"<p data-start=\"445\" data-end=\"760\">Disfruta el sabor intenso y natural de las <strong data-start=\"488\" data-end=\"523\">zarzamoras org\u00e1nicas congeladas<\/strong>, cosechadas en su punto \u00f3ptimo y cultivadas sin pesticidas ni qu\u00edmicos.<br data-start=\"595\" data-end=\"598\" \/>Gracias a su proceso de <strong data-start=\"622\" data-end=\"642\">ultracongelaci\u00f3n<\/strong>, conservan su textura, color y todos sus nutrientes, ideales para quienes buscan alimentos naturales y funcionales.<\/p>\n<p data-start=\"762\" data-end=\"923\">Perfectas para <strong data-start=\"777\" data-end=\"830\">smoothies, reposter\u00eda, bowls o postres saludables<\/strong>, vienen en una <strong data-start=\"846\" data-end=\"878\">bolsa zip resellable de 2 kg<\/strong>, pr\u00e1ctica, higi\u00e9nica y f\u00e1cil de almacenar.<\/p>\n","protected":false},"featured_media":1828,"comment_status":"open","ping_status":"closed","template":"","meta":{"nf_dc_page":"","om_disable_all_campaigns":false},"product_brand":[],"product_cat":[110],"product_tag":[76,112,113,70,66,117],"class_list":{"0":"post-1827","1":"product","2":"type-product","3":"status-publish","4":"has-post-thumbnail","6":"product_cat-congelados","7":"product_tag-blackberry","8":"product_tag-congelados","9":"product_tag-frozen","10":"product_tag-organic","11":"product_tag-organica","12":"product_tag-zarzamora","13":"product_shipping_class-north-america","15":"first","16":"instock","17":"shipping-taxable","18":"product-type-simple"},"yoast_head":"<!-- This site is optimized with the Yoast SEO plugin v27.4 - https:\/\/yoast.com\/product\/yoast-seo-wordpress\/ -->\n<title>Zarzamoras Org\u00e1nicas Congeladas \u2013 Granel 2KG (Bolsa Zip) - GREAT<\/title>\n<meta name=\"robots\" content=\"index, follow, max-snippet:-1, max-image-preview:large, max-video-preview:-1\" \/>\n<link rel=\"canonical\" href=\"https:\/\/greatalimentosorganicos.com\/p\/product\/zarzamoras-organicas-congeladas-granel-2kg-bolsa-zip\/\" \/>\n<meta property=\"og:locale\" content=\"es_ES\" \/>\n<meta property=\"og:type\" content=\"article\" \/>\n<meta property=\"og:title\" content=\"Zarzamoras Org\u00e1nicas Congeladas \u2013 Granel 2KG (Bolsa Zip) - GREAT\" \/>\n<meta property=\"og:description\" content=\"Disfruta el sabor intenso y natural de las zarzamoras org\u00e1nicas congeladas, cosechadas en su punto \u00f3ptimo y cultivadas sin pesticidas ni qu\u00edmicos.Gracias a su proceso de ultracongelaci\u00f3n, conservan su textura, color y todos sus nutrientes, ideales para quienes buscan alimentos naturales y funcionales. Perfectas para smoothies, reposter\u00eda, bowls o postres saludables, vienen en una bolsa zip resellable de 2 kg, pr\u00e1ctica, higi\u00e9nica y f\u00e1cil de almacenar.\" \/>\n<meta property=\"og:url\" content=\"https:\/\/greatalimentosorganicos.com\/p\/product\/zarzamoras-organicas-congeladas-granel-2kg-bolsa-zip\/\" \/>\n<meta property=\"og:site_name\" content=\"GREAT\" \/>\n<meta property=\"article:modified_time\" content=\"2025-10-27T18:50:02+00:00\" \/>\n<meta property=\"og:image\" content=\"https:\/\/greatalimentosorganicos.com\/p\/wp-content\/uploads\/2025\/10\/Zarzamora_1.jpg\" \/>\n\t<meta property=\"og:image:width\" content=\"1500\" \/>\n\t<meta property=\"og:image:height\" content=\"1500\" \/>\n\t<meta property=\"og:image:type\" content=\"image\/jpeg\" \/>\n<meta name=\"twitter:card\" content=\"summary_large_image\" \/>\n<meta name=\"twitter:label1\" content=\"Tiempo de lectura\" \/>\n\t<meta name=\"twitter:data1\" content=\"1 minuto\" \/>\n<script type=\"application\/ld+json\" class=\"yoast-schema-graph\">{\"@context\":\"https:\\\/\\\/schema.org\",\"@graph\":[{\"@type\":\"WebPage\",\"@id\":\"https:\\\/\\\/greatalimentosorganicos.com\\\/p\\\/product\\\/zarzamoras-organicas-congeladas-granel-2kg-bolsa-zip\\\/\",\"url\":\"https:\\\/\\\/greatalimentosorganicos.com\\\/p\\\/product\\\/zarzamoras-organicas-congeladas-granel-2kg-bolsa-zip\\\/\",\"name\":\"Zarzamoras Org\u00e1nicas Congeladas \u2013 Granel 2KG (Bolsa Zip) - GREAT\",\"isPartOf\":{\"@id\":\"https:\\\/\\\/greatalimentosorganicos.com\\\/p\\\/#website\"},\"primaryImageOfPage\":{\"@id\":\"https:\\\/\\\/greatalimentosorganicos.com\\\/p\\\/product\\\/zarzamoras-organicas-congeladas-granel-2kg-bolsa-zip\\\/#primaryimage\"},\"image\":{\"@id\":\"https:\\\/\\\/greatalimentosorganicos.com\\\/p\\\/product\\\/zarzamoras-organicas-congeladas-granel-2kg-bolsa-zip\\\/#primaryimage\"},\"thumbnailUrl\":\"https:\\\/\\\/greatalimentosorganicos.com\\\/p\\\/wp-content\\\/uploads\\\/2025\\\/10\\\/Zarzamora_1.jpg\",\"datePublished\":\"2025-10-27T18:41:46+00:00\",\"dateModified\":\"2025-10-27T18:50:02+00:00\",\"breadcrumb\":{\"@id\":\"https:\\\/\\\/greatalimentosorganicos.com\\\/p\\\/product\\\/zarzamoras-organicas-congeladas-granel-2kg-bolsa-zip\\\/#breadcrumb\"},\"inLanguage\":\"es\",\"potentialAction\":[{\"@type\":\"ReadAction\",\"target\":[\"https:\\\/\\\/greatalimentosorganicos.com\\\/p\\\/product\\\/zarzamoras-organicas-congeladas-granel-2kg-bolsa-zip\\\/\"]}]},{\"@type\":\"ImageObject\",\"inLanguage\":\"es\",\"@id\":\"https:\\\/\\\/greatalimentosorganicos.com\\\/p\\\/product\\\/zarzamoras-organicas-congeladas-granel-2kg-bolsa-zip\\\/#primaryimage\",\"url\":\"https:\\\/\\\/greatalimentosorganicos.com\\\/p\\\/wp-content\\\/uploads\\\/2025\\\/10\\\/Zarzamora_1.jpg\",\"contentUrl\":\"https:\\\/\\\/greatalimentosorganicos.com\\\/p\\\/wp-content\\\/uploads\\\/2025\\\/10\\\/Zarzamora_1.jpg\",\"width\":1500,\"height\":1500,\"caption\":\"zarzamoras org\u00e1nicas congeladas frutas congeladas a granel zarzamoras sin az\u00facar bolsa 2 kg zarzamoras frutas naturales M\u00e9xico smoothies antioxidantes superalimentos org\u00e1nicos\"},{\"@type\":\"BreadcrumbList\",\"@id\":\"https:\\\/\\\/greatalimentosorganicos.com\\\/p\\\/product\\\/zarzamoras-organicas-congeladas-granel-2kg-bolsa-zip\\\/#breadcrumb\",\"itemListElement\":[{\"@type\":\"ListItem\",\"position\":1,\"name\":\"Productos\",\"item\":\"https:\\\/\\\/greatalimentosorganicos.com\\\/p\\\/shop\\\/\"},{\"@type\":\"ListItem\",\"position\":2,\"name\":\"Zarzamoras Org\u00e1nicas Congeladas \u2013 Granel 2KG (Bolsa Zip)\"}]},{\"@type\":\"WebSite\",\"@id\":\"https:\\\/\\\/greatalimentosorganicos.com\\\/p\\\/#website\",\"url\":\"https:\\\/\\\/greatalimentosorganicos.com\\\/p\\\/\",\"name\":\"GREAT\",\"description\":\"Alimentos Org\u00e1nicos\",\"publisher\":{\"@id\":\"https:\\\/\\\/greatalimentosorganicos.com\\\/p\\\/#organization\"},\"potentialAction\":[{\"@type\":\"SearchAction\",\"target\":{\"@type\":\"EntryPoint\",\"urlTemplate\":\"https:\\\/\\\/greatalimentosorganicos.com\\\/p\\\/?s={search_term_string}\"},\"query-input\":{\"@type\":\"PropertyValueSpecification\",\"valueRequired\":true,\"valueName\":\"search_term_string\"}}],\"inLanguage\":\"es\"},{\"@type\":\"Organization\",\"@id\":\"https:\\\/\\\/greatalimentosorganicos.com\\\/p\\\/#organization\",\"name\":\"GREAT\",\"url\":\"https:\\\/\\\/greatalimentosorganicos.com\\\/p\\\/\",\"logo\":{\"@type\":\"ImageObject\",\"inLanguage\":\"es\",\"@id\":\"https:\\\/\\\/greatalimentosorganicos.com\\\/p\\\/#\\\/schema\\\/logo\\\/image\\\/\",\"url\":\"https:\\\/\\\/greatalimentosorganicos.com\\\/p\\\/wp-content\\\/uploads\\\/2023\\\/09\\\/LOGO-2023_GREAT_TXT_gris.png\",\"contentUrl\":\"https:\\\/\\\/greatalimentosorganicos.com\\\/p\\\/wp-content\\\/uploads\\\/2023\\\/09\\\/LOGO-2023_GREAT_TXT_gris.png\",\"width\":800,\"height\":193,\"caption\":\"GREAT\"},\"image\":{\"@id\":\"https:\\\/\\\/greatalimentosorganicos.com\\\/p\\\/#\\\/schema\\\/logo\\\/image\\\/\"}}]}<\/script>\n<!-- \/ Yoast SEO plugin. -->","yoast_head_json":{"title":"Zarzamoras Org\u00e1nicas Congeladas \u2013 Granel 2KG (Bolsa Zip) - GREAT","robots":{"index":"index","follow":"follow","max-snippet":"max-snippet:-1","max-image-preview":"max-image-preview:large","max-video-preview":"max-video-preview:-1"},"canonical":"https:\/\/greatalimentosorganicos.com\/p\/product\/zarzamoras-organicas-congeladas-granel-2kg-bolsa-zip\/","og_locale":"es_ES","og_type":"article","og_title":"Zarzamoras Org\u00e1nicas Congeladas \u2013 Granel 2KG (Bolsa Zip) - GREAT","og_description":"Disfruta el sabor intenso y natural de las zarzamoras org\u00e1nicas congeladas, cosechadas en su punto \u00f3ptimo y cultivadas sin pesticidas ni qu\u00edmicos.Gracias a su proceso de ultracongelaci\u00f3n, conservan su textura, color y todos sus nutrientes, ideales para quienes buscan alimentos naturales y funcionales. Perfectas para smoothies, reposter\u00eda, bowls o postres saludables, vienen en una bolsa zip resellable de 2 kg, pr\u00e1ctica, higi\u00e9nica y f\u00e1cil de almacenar.","og_url":"https:\/\/greatalimentosorganicos.com\/p\/product\/zarzamoras-organicas-congeladas-granel-2kg-bolsa-zip\/","og_site_name":"GREAT","article_modified_time":"2025-10-27T18:50:02+00:00","og_image":[{"width":1500,"height":1500,"url":"https:\/\/greatalimentosorganicos.com\/p\/wp-content\/uploads\/2025\/10\/Zarzamora_1.jpg","type":"image\/jpeg"}],"twitter_card":"summary_large_image","twitter_misc":{"Tiempo de lectura":"1 minuto"},"schema":{"@context":"https:\/\/schema.org","@graph":[{"@type":"WebPage","@id":"https:\/\/greatalimentosorganicos.com\/p\/product\/zarzamoras-organicas-congeladas-granel-2kg-bolsa-zip\/","url":"https:\/\/greatalimentosorganicos.com\/p\/product\/zarzamoras-organicas-congeladas-granel-2kg-bolsa-zip\/","name":"Zarzamoras Org\u00e1nicas Congeladas \u2013 Granel 2KG (Bolsa Zip) - GREAT","isPartOf":{"@id":"https:\/\/greatalimentosorganicos.com\/p\/#website"},"primaryImageOfPage":{"@id":"https:\/\/greatalimentosorganicos.com\/p\/product\/zarzamoras-organicas-congeladas-granel-2kg-bolsa-zip\/#primaryimage"},"image":{"@id":"https:\/\/greatalimentosorganicos.com\/p\/product\/zarzamoras-organicas-congeladas-granel-2kg-bolsa-zip\/#primaryimage"},"thumbnailUrl":"https:\/\/greatalimentosorganicos.com\/p\/wp-content\/uploads\/2025\/10\/Zarzamora_1.jpg","datePublished":"2025-10-27T18:41:46+00:00","dateModified":"2025-10-27T18:50:02+00:00","breadcrumb":{"@id":"https:\/\/greatalimentosorganicos.com\/p\/product\/zarzamoras-organicas-congeladas-granel-2kg-bolsa-zip\/#breadcrumb"},"inLanguage":"es","potentialAction":[{"@type":"ReadAction","target":["https:\/\/greatalimentosorganicos.com\/p\/product\/zarzamoras-organicas-congeladas-granel-2kg-bolsa-zip\/"]}]},{"@type":"ImageObject","inLanguage":"es","@id":"https:\/\/greatalimentosorganicos.com\/p\/product\/zarzamoras-organicas-congeladas-granel-2kg-bolsa-zip\/#primaryimage","url":"https:\/\/greatalimentosorganicos.com\/p\/wp-content\/uploads\/2025\/10\/Zarzamora_1.jpg","contentUrl":"https:\/\/greatalimentosorganicos.com\/p\/wp-content\/uploads\/2025\/10\/Zarzamora_1.jpg","width":1500,"height":1500,"caption":"zarzamoras org\u00e1nicas congeladas frutas congeladas a granel zarzamoras sin az\u00facar bolsa 2 kg zarzamoras frutas naturales M\u00e9xico smoothies antioxidantes superalimentos org\u00e1nicos"},{"@type":"BreadcrumbList","@id":"https:\/\/greatalimentosorganicos.com\/p\/product\/zarzamoras-organicas-congeladas-granel-2kg-bolsa-zip\/#breadcrumb","itemListElement":[{"@type":"ListItem","position":1,"name":"Productos","item":"https:\/\/greatalimentosorganicos.com\/p\/shop\/"},{"@type":"ListItem","position":2,"name":"Zarzamoras Org\u00e1nicas Congeladas \u2013 Granel 2KG (Bolsa Zip)"}]},{"@type":"WebSite","@id":"https:\/\/greatalimentosorganicos.com\/p\/#website","url":"https:\/\/greatalimentosorganicos.com\/p\/","name":"GREAT","description":"Alimentos Org\u00e1nicos","publisher":{"@id":"https:\/\/greatalimentosorganicos.com\/p\/#organization"},"potentialAction":[{"@type":"SearchAction","target":{"@type":"EntryPoint","urlTemplate":"https:\/\/greatalimentosorganicos.com\/p\/?s={search_term_string}"},"query-input":{"@type":"PropertyValueSpecification","valueRequired":true,"valueName":"search_term_string"}}],"inLanguage":"es"},{"@type":"Organization","@id":"https:\/\/greatalimentosorganicos.com\/p\/#organization","name":"GREAT","url":"https:\/\/greatalimentosorganicos.com\/p\/","logo":{"@type":"ImageObject","inLanguage":"es","@id":"https:\/\/greatalimentosorganicos.com\/p\/#\/schema\/logo\/image\/","url":"https:\/\/greatalimentosorganicos.com\/p\/wp-content\/uploads\/2023\/09\/LOGO-2023_GREAT_TXT_gris.png","contentUrl":"https:\/\/greatalimentosorganicos.com\/p\/wp-content\/uploads\/2023\/09\/LOGO-2023_GREAT_TXT_gris.png","width":800,"height":193,"caption":"GREAT"},"image":{"@id":"https:\/\/greatalimentosorganicos.com\/p\/#\/schema\/logo\/image\/"}}]}},"_links":{"self":[{"href":"https:\/\/greatalimentosorganicos.com\/p\/wp-json\/wp\/v2\/product\/1827","targetHints":{"allow":["GET"]}}],"collection":[{"href":"https:\/\/greatalimentosorganicos.com\/p\/wp-json\/wp\/v2\/product"}],"about":[{"href":"https:\/\/greatalimentosorganicos.com\/p\/wp-json\/wp\/v2\/types\/product"}],"replies":[{"embeddable":true,"href":"https:\/\/greatalimentosorganicos.com\/p\/wp-json\/wp\/v2\/comments?post=1827"}],"wp:featuredmedia":[{"embeddable":true,"href":"https:\/\/greatalimentosorganicos.com\/p\/wp-json\/wp\/v2\/media\/1828"}],"wp:attachment":[{"href":"https:\/\/greatalimentosorganicos.com\/p\/wp-json\/wp\/v2\/media?parent=1827"}],"wp:term":[{"taxonomy":"product_brand","embeddable":true,"href":"https:\/\/greatalimentosorganicos.com\/p\/wp-json\/wp\/v2\/product_brand?post=1827"},{"taxonomy":"product_cat","embeddable":true,"href":"https:\/\/greatalimentosorganicos.com\/p\/wp-json\/wp\/v2\/product_cat?post=1827"},{"taxonomy":"product_tag","embeddable":true,"href":"https:\/\/greatalimentosorganicos.com\/p\/wp-json\/wp\/v2\/product_tag?post=1827"}],"curies":[{"name":"wp","href":"https:\/\/api.w.org\/{rel}","templated":true}]}}